er?
True
Let w be (-5)/((-150)/12) + (-12)/5. Let g be ((-5)/5*1202)/(w/(-9)). Let v = -3138 - g. Is v a composite number?
True
Suppose -29*w = -1013257 - 913126. Is w a composite number?
True
Let j(z) = 3*z + 1788. Let a be j(0). Suppose 386 = 2*n - a. Is n a composite number?
False
Let a = 6495 + 4307. Suppose 67*b - a = 65*b. Is b a composite number?
True
Let k = -347 + 6048. Let v = k - 3859. Suppose -5*u + 4*f + 4599 = 0, 2*u - 6*f - v = -5*f. Is u a composite number?
True
Suppose 5*g + 2*i = -412, 0 = -3*g + 5*i - 109 - 163. Is 63/g + (-22238)/(-8) prime?
False
Suppose 2890274 = 186*t - 23720932. Is t composite?
True
Let o = 583 + -578. Suppose 8*w = o*b + 4*w - 58333, 0 = -2*b - w + 23328. Is b a composite number?
True
Let k(b) = -185*b - 9. Let i(g) = 92*g + 5. Let c(w) = 5*i(w) + 2*k(w). Suppose -3*a + 44 = -n, -4*a - 6*n = -11*n - 77. Is c(a) a composite number?
True
Suppose -35*h = -154998 - 32707. Is h a composite number?
True
Is 669155/(-5)*2*3/(-6) composite?
False
Is -10 - (-506)/55 - (-2)/((-50)/(-41282695)) a prime number?
False
Suppose -18*d + 11*d = -79275. Suppose d = 4*k - o - 1065, -4*o = -3*k + 9299. Is k a prime number?
False
Let z be (-3 - -6) + (4 - 2). Suppose z*i - 4*j = -j - 28, -3*i - 44 = 5*j. Is 1206 - -6*4/i composite?
True
Suppose 6*b - 17 = -5. Suppose 5 = -k + 4, -5*t + 8 = b*k. Is -1 - t - (9 + -11) - -552 a prime number?
False
Let c = -45942 + 30014. Let z = -5987 - c. Is z a composite number?
False
Suppose 57*h - 52*h = 10525. Let u = h - 1458. Is u a composite number?
False
Let d = -926087 - -1616534. Is d a composite number?
True
Let r(j) = 18*j - 25. Let s = 27 + -17. Is r(s) prime?
False
Let g = 2 - -2. Suppose 8*r - 20 = g*r. Suppose r*c - 730 = 1175. Is c a composite number?
True
Let v(w) = 48*w**2 + 3*w - 65. Suppose 3*u + 61 = 19. Is v(u) composite?
True
Let b(u) be the third derivative of -u**6/120 + u**5/10 - u**4/3 + 3*u**3/2 - 14*u**2. Let h be b(5). Let i(n) = -4*n**3 - 10*n**2 - 12*n + 11. Is i(h) prime?
True
Suppose 412084 = -45*m + 1870039. Is m prime?
False
Let c = 735 + -13. Suppose -4*f = -c - 442. Let z = 296 + f. Is z a composite number?
False
Suppose 1091098 = -60*t + 45*t + 3418153. Is t a prime number?
True
Suppose s = 3*r - 64347 - 111965, 0 = s - 1. Let m = 28947 - r. Is (-8)/(-12) + (m/(-12))/4 prime?
False
Let q(i) be the second derivative of 15*i**4/4 - i**3/2 + 19*i**2/2 + 38*i - 1. Let s be (-31)/(-5) - 8/40. Is q(s) prime?
True
Let f = 104726 + -46176. Suppose -f = -12*g - 13*g. Is g a prime number?
False
Suppose 6*l - 11*l = -2*l. Suppose l = 26*w - 21*w - 45. Suppose -w*d + 880 = -731. Is d composite?
False
Let l be 5 + 2/(3 + -8 + 4). Is (-96385)/(-111) - (1 + (-5)/l) prime?
False
Let z be (-17572)/10 - (-8)/(-10). Let x be (z/9)/(6/(-18)). Let g = -335 + x. Is g a composite number?
False
Suppose -2*l + 227543 = 5*p - 464680, -2*p - 3*l + 276887 = 0. Is p a composite number?
True
Suppose 590688 + 533412 = 18*z. Suppose 7*h = -1963 + z. Is h a composite number?
False
Suppose 5*o - 5*a - 155060 = 0, -3*o + 3*a = 5*a - 93041. Is o a composite number?
False
Let b(i) = 67*i**2 - 3*i + 44. Let p be b(9). Is (-54)/36*p/(-6) prime?
True
Suppose 62*r - 144253720 = -58*r + 16*r. Is r a composite number?
True
Let w(c) = c**2 - 8*c + 18. Let y(q) = q**3 + 13*q**2 - q - 9. Let h be y(-13). Let k be w(h). Is k/(-3)*(-3411)/6 composite?
False
Suppose -18 + 50 = 8*n. Is 0 + (n - (-1082 + 5)) a composite number?
True
Let u(m) = -97*m**3 - 2*m**2 + 2. Let i be u(2). Let a = 309 + i. Let v = 246 - a. Is v prime?
True
Suppose 19985 = 7*v - 255094. Is v a composite number?
True
Let d be ((-4)/(-12) - 0)*3. Let f be d*4 - (15 - 453). Suppose 6*m - 4*m - f = 0. Is m a prime number?
False
Let z be ((-62)/4 + 2)/((-126)/(-168)). Is (147832/(-9))/(-8) + 4/z a prime number?
True
Let j = -25605 + 38726. Is j a composite number?
False
Suppose 53*w + 1324654 = -24*w + 8617247. Is w prime?
True
Suppose 26*v = 25*v + 2. Suppose 4*p - 3*g - 3418 = 0, -v*p = 5*g - 2*g - 1700. Is p a prime number?
True
Suppose -3*y - 2*w = -951 - 2690, -2*y - w + 2429 = 0. Is y a composite number?
False
Let o be (0/(-14))/(1/(-1)). Suppose h - 4647 = -o*h. Suppose -2*i + 5*n = n - 2330, 0 = -4*i - 5*n + h. Is i prime?
True
Let z(l) = 109*l**2 - 19*l + 29. Is z(6) a prime number?
False
Let d = -4357 - -7287. Suppose 3*h - 5*v = 8804, 0 = -2*h + 3*h + 3*v - d. Suppose -6 + 18 = 3*q, 0 = 3*m - q - h. Is m a composite number?
True
Let p be (-3)/(-3) - (-18)/15*-5. Is (-4)/p + (-5 - (-55324)/20) prime?
False
Let i(j) = -24 + 10 + 26*j - 41. Is i(34) prime?
True
Suppose -5*v - 4*i = -3667135, 3*v + 3*i = 88688 + 2111596. Is v a composite number?
True
Let k be 10 + 18/(-6) + 0. Suppose 0 = -4*c + k*z - 5*z + 4402, -5*c + 5*z + 5490 = 0. Is c a composite number?
False
Let h = 1761 + -1157. Suppose -o - 2715 = 4*o. Let a = h - o. Is a prime?
False
Suppose -200*k - 67529 = -211*k. Suppose -k = -2*f - w + 3958, -4*f + 20179 = 5*w. Is f prime?
True
Is 100141*((-90)/(-70) + (45/(-35) - -1)) a prime number?
False
Let c(m) = -196*m**2 + 26*m + 10. Let a be c(-4). Let r = 6231 - a. Is r a composite number?
False
Suppose 0 = -2*b + 5*i + 52, 0*b - 5*b - 2*i + 159 = 0. Is (1*3862)/(-29 + b) a prime number?
True
Suppose 15*h - 569097 = 765393. Is h a composite number?
True
Let z(u) = u**2 - 18*u + 11. Let d be z(14). Let c be (-376)/5 - 9/d. Let i = c + 158. Is i prime?
True
Suppose -14*d = -484091 - 155380 + 153153. Is d prime?
False
Suppose 0 = -2*c - 3*l + 18384 + 22754, -61707 = -3*c - 4*l. Is c composite?
True
Is -8 + 0 - (-3 + (-26966 - -7)*2) composite?
True
Let h = 4770 - 675. Suppose x + 5*p = 2828, h = 3*x - 2*p - 4338. Is x prime?
False
Suppose -26*r + 21463 = -13*r. Let t(p) = -171*p + 7. Let o be t(5). Let z = r + o. Is z prime?
False
Suppose 3250 + 8089 = 23*s. Is s prime?
False
Suppose 920608 = 122*s + 874791 - 2144205. Is s composite?
True
Suppose 5*h = -0*h + 35. Suppose -h*j - 8 = -3*j. Is (1 - 6 - j) + (130 - 0) prime?
True
Suppose 0 = -58*k + 99*k - 675543 - 683566. Is k prime?
True
Let k(i) = 2*i + 1. Let r be k(8). Suppose -4*d - 139 = r. Is (-6)/d + -3 + (-28464)/(-39) a prime number?
True
Suppose -24*l + 22*l = -4. Suppose l*m + 9 - 3 = 5*x, m = -3. Is -1 + -16*(x - 345/4) a composite number?
True
Suppose 0 = -2*j + 9 - 5. Suppose -j*a - a + 419 = -4*m, 153 = a - 4*m. Is -2 + (-9)/36 + a/4 prime?
True
Suppose 0 = -19*c + 213045 + 117903 + 45461. Is c composite?
True
Let y = 64 - 64. Suppose y = -5*t + 505 - 60. Is t a composite number?
False
Suppose 116*r - 321054 = -4*x + 114*r, -2*x + 160530 = 4*r. Is x a composite number?
False
Is 11/(770/(-40)) + 8313468/28 a composite number?
False
Suppose 0 = -2*z + 3353 - 415. Suppose 2*l = 5*r + 757, 4*l = -0*r + r + z. Suppose 2*u - 980 + l = 0. Is u a composite number?
False
Let v = 16388 - 9788. Let m = v + -3211. Is m prime?
True
Suppose -5*v = -23*v + 44730. Suppose 0 = x - q - v, 12*q + 2481 = x + 10*q. Is x a prime number?
False
Let b(p) be the third derivative of 0 + 1/40*p**6 + 3/8*p**4 + 35*p**2 + 1/30*p**5 + 0*p + 17/6*p**3. Is b(8) composite?
False
Suppose 0 = 10*r - 134851 - 649959. Is r a prime number?
False
Let u be 1/(-8 + 92/12). Is (-1)/(1/639*u) + -2 composite?
False
Suppose 0 = -10*m - 4*m + 112. Suppose 9*v = m*v + 5. Suppose 4*p + 29896 = v*t + p, 0 = p - 3. Is t prime?
True
Let b = 17 + -12. Let p = 2655 - 1882. Suppose -3*r - 9 = 0, 3*h + 251 = -b*r + p. Is h a prime number?
True
Suppose -4*x - 14531 - 3021 = 0. Let g = -3129 - x. Is g a prime number?
True
Let j be (-1 + 3)/(9/(-4) - -2). Let h(c) = -9*c - 66. Let g be h(j). Is (-4083)/g*((-3 - -2) + -1) prime?
True
Suppose 3*x + 3*l = 92865, 25*x + l = 27*x - 61898. Suppose -17*k - x = -92814. Is k prime?
False
Let c(z) = 9*z + 24 + 12*z**2 - 13*z**2 - 1. Let s be c(10). Suppose 10*y + 483 = s*y. Is y composite?
True
Suppose 73*v - 66*v = 28. Suppose -4*w + 25504 = -v*d - 0*d, -2*w = -5*d - 12743. Is w a prime number?
True
Is (108/(-540) + 6/(-20))*-980906 prime?
True
Suppose 9*l - 723166 = -160351. Let p be -5 - l/((-9)/3). Let r = p - 14775. Is r a prime number?
False
Suppose -3*s - 42 = -3*c, -11 - 15 = -c + 4*s. Suppose 2 + c = -3*x, 3*x = 3*b - 72927. Is b a prime number?
False
Let r = 17784